 = 0. Calculate the greatest common factor of u and r.
24
Let d = 93 + 315. Suppose 262 = 3*k + 4*p, -4*k + d = 2*p + 72. Let a = k - 5. Calculate the greatest common divisor of 7 and a.
7
Let b(i) = -i**2 - 5*i. Let w be b(-5). Suppose w = -5*q + 67 - 17. Let o be (1/(-1))/((-1)/70). Calculate the greatest common factor of q and o.
10
Let n(y) = -y**2 - 31*y - 40. Let u be n(-19). Calculate the greatest common divisor of u and 47.
47
Let s = -63 - -64. Let j(g) = g**2 - 3*g - 2. Let d be j(-2). What is the greatest common divisor of s and d?
1
Let m = 25 - 23. What is the greatest common divisor of m and 1?
1
Suppose r = -1 + 5. Let j = 8 - r. Calculate the greatest common divisor of 8 and j.
4
Suppose 3 - 1 = 2*x. Suppose 7 - x = -2*l, 2*l + 76 = h. Suppose r = -d - 4*r + h, -3*d = r - 168. What is the greatest common factor of 22 and d?
11
Let g be (-4)/(-8)*-2*-2. Suppose g*o - 34 = -2. What is the highest common factor of o and 2?
2
Let n be (-1 + 1077)*(-5)/(-20). Let c = 472 - n. Calculate the greatest common divisor of c and 29.
29
Let c be 10/(-45) + 1736/36. Calculate the highest common divisor of c and 32.
16
Let r(a) = -a**3 + 4*a**2 - 3*a + 3. Let f be r(3). Suppose 3*h = -h - 4*o + 852, -o - 627 = -f*h. What is the highest common factor of h and 30?
30
Let h be (8 - 10)*5/(-2). Let u = h - 1. Calculate the greatest common divisor of 36 and u.
4
Suppose -46 - 9 = -5*f. What is the highest common divisor of f and 33?
11
Let q be (-1)/(-5) - (-536)/(-5). Let t = 47 + q. Let w = t + 151. What is the greatest common divisor of w and 13?
13
Suppose 5*q - 2140 = -5*a, -5*q + 0*q = -25. What is the greatest common factor of 47 and a?
47
Suppose 15 = d - 25. What is the greatest common factor of d and 8?
8
Let f be (4/(-5))/((-2)/10). Suppose -7 - 3 = -5*z. Suppose -3*w + 7 - z = -2*q, 22 = f*w + 5*q. Calculate the greatest common factor of w and 3.
3
Suppose -5*u = 20, -3*t + 0*u = 2*u - 22. What is the highest common divisor of t and 30?
10
Suppose u - 4 = 11. Suppose k = 5*v - 58, -u = -5*v - k + 47. Calculate the greatest common divisor of 108 and v.
12
Let t(p) = -2*p**2 + 2*p + 1. Suppose 0 = -3*l + 2*l + 2. Let a be t(l). Let n = 5 - a. Calculate the highest common divisor of 24 and n.
8
Let c be (-60)/(5/((-20)/(-3))). Let t be (-6 + 3)*c/6. What is the highest common factor of t and 16?
8
Let q be (-5)/(-7) + 4/14. Let d be (q + 0)/((-4)/(-40)). Suppose -d = -2*z + z. Calculate the greatest common divisor of 90 and z.
10
Let b = -106 + 214. What is the greatest common divisor of 72 and b?
36
Suppose -64 = -2*z + 16. What is the highest common factor of 360 and z?
40
Suppose 0*d - 10 = 5*d. Let r be 3 - (d - (-3)/1). What is the greatest common factor of 16 and r?
2
Let n be (-52)/(-2) - (-11 + 8). Calculate the greatest common factor of 232 and n.
29
Suppose 5*c - 5 = -0. Let a be 28/8 - c/(-2). Suppose z + 5 = -4*z, -3*k + a*z = -148. Calculate the highest common factor of 6 and k.
6
Suppose 385 + 1391 = -4*r. Let t = -301 - r. Calculate the highest common divisor of t and 13.
13
Let c(h) = 2*h**2 - h. Let l be c(-1). Suppose -2 = l*i - 26. Calculate the highest common divisor of i and 1.
1
Suppose 2*u - 7*u + y + 21 = 0, -5*y = -20. Let l(d) = 3*d**2 - 8*d + 5. Let p be l(u). What is the highest common factor of p and 10?
10
Let z(f) = f**2 + 2*f. Let a be z(-3). Suppose o + 0*o - 9 = -a*h, h = 2*o - 39. What is the greatest common divisor of o and 2?
2
Let n be (8/(-10))/((-24)/(-25) + -1). Calculate the highest common factor of n and 160.
20
Suppose -7*y + 133 = 42. What is the highest common factor of y and 13?
13
Let c = 6 - 4. Suppose -4*j + 134 = c*t + 56, -2*j + 54 = -4*t. Calculate the greatest common divisor of j and 7.
7
Let v = -7 + 10. Let l be -1 + v + (2 - 1). Let p(q) = q**3 - 3*q**2 + 4*q - 4. Let b be p(l). What is the highest common factor of b and 40?
8
Let f(p) = p + 5. Let g be f(0). Calculate the greatest common divisor of g and 35.
5
Suppose -2*m = -3*u + 85, -3 = m - 4*m. Calculate the highest common factor of u and 29.
29
Let h = 43 - 35. What is the greatest common divisor of h and 24?
8
Suppose 0 = b + 4*b - 460. Calculate the highest common factor of 23 and b.
23
Let n = 1 + -1. Suppose 9 = 3*z - n*z. Let d be (-1)/z + (-26)/(-6). What is the greatest common divisor of 20 and d?
4
Let o(s) = s**3 + 5*s**2 - 8*s - 3. Let v = -19 - -13. Let j be o(v). What is the highest common factor of 63 and j?
9
Suppose 4*u = 2*i - 234, 3*i - 2*u - 3 = 352. Calculate the highest common factor of 17 and i.
17
Let s be (392/(-21))/((-4)/6). Calculate the highest common factor of 224 and s.
28
Let r be (-476)/(-6) - (-2)/3. Let u = 82 + -53. Let a = r - u. Calculate the greatest common divisor of 17 and a.
17
Let b = -3 + 5. Suppose -2*w + 5*m = 3*w - 55, -b*m - 4 = w. What is the highest common divisor of 6 and w?
6
Suppose u + 64 = 5*v, 10 = v - 0*v - 3*u. Let f(q) = -12*q**3 + 3*q**2 + 2*q. Let m be f(-2). Calculate the highest common divisor of m and v.
13
Let y = 169 - 125. Let f be ((-60)/(-3))/(2/11). Calculate the greatest common divisor of f and y.
22
Let z be (0 + 9)/(3/2). Let m be (-179)/(-2) + z/12. Let o(j) = 2*j + 1. Let s be o(4). What is the greatest common divisor of s and m?
9
Suppose -2*z - 60 = -5*j + 88, 151 = 5*j + z. Suppose 5*a - 54 = 46. What is the highest common factor of j and a?
10
Suppose r + 3*r = 40. What is the highest common divisor of r and 80?
10
Suppose 0 = -j - 175 + 185. What is the greatest common factor of j and 4?
2
Suppose 5*g - 165 - 195 = 0. Let x(h) = 8*h**2. Let f be x(1). Calculate the highest common factor of f and g.
8
Suppose -8*c + 12*c - 32 = 0. Calculate the highest common divisor of c and 8.
8
Let r = 0 - -4. Suppose 0 = -3*t - t + 1792. Let s be ((-6)/r)/((-12)/t). What is the highest common factor of s and 14?
14
Let q(l) = l**2 + 13*l + 8. Let j be q(-13). Calculate the greatest common divisor of 4 and j.
4
Suppose 0 = 3*a - 4*a + 48. Let f be 16/3 + (-4)/(-6). What is the greatest common factor of a and f?
6
Suppose -v + 53 = m, -2*v + 5*v + 2*m = 161. Let h(n) = n**3 - 8*n**2 + 4*n - 10. Let o be h(8). Calculate the greatest common factor of o and v.
11
Let o = 1 - -3. Suppose -3 = -5*v + t, 2*v = 2*t - o + 10. Let j(p) = p + 16. Let a be j(v). Calculate the highest common factor of 4 and a.
4
Let n be (-12)/16 - 11/(-4). Suppose -2*x - 42 = -3*w - 5*x, 34 = n*w + 5*x. Calculate the highest common factor of w and 30.
6
Let w be (-5716)/(-26) + 10/65. Calculate the highest common factor of w and 20.
20
Let r(o) = 17*o - 5. Let l be r(7). Suppose u + 2*u - l = 0. What is the greatest common factor of u and 19?
19
Suppose 4*s + 0 = -3*x + 24, 3*s + x - 13 = 0. Let h = -20 - -35. What is the greatest common divisor of s and h?
3
Let y be 121 + 0/(1 - 2). Suppose 4*k = 2 + 10. Suppose k*o - 14 = 19. What is the highest common divisor of y and o?
11
Let t(r) = -3*r - 1. Let h be t(-1). Let p = 13 + h. Calculate the greatest common factor of 6 and p.
3
Let y(t) = 25*t + 1. Let n be y(2). What is the highest common factor of 34 and n?
17
Let g = -1372 + 2522. Suppose 6*l = l + g. Suppose 5*j = 20 + l. What is the greatest common factor of 20 and j?
10
Suppose 4*k - 5*r - 10 = -3, 3*r = -9. Let t be 2/k - (-70)/1. Let b be 2/8 - t/(-12). Calculate the greatest common factor of 12 and b.
6
Let d be -2 - (2 + -516)/2. Suppose 3*u = 5*v - d, -212 = -v - 3*v + 4*u. What is the highest common divisor of v and 16?
16
Let i(n) = 3*n**3 - n**2 - n - 1. Let g be i(2). What is the highest common divisor of g and 2?
1
Let p(i) = 3*i - 2. Suppose 0 = -3*o + 4*m + 21, -2*m = -3*o - 4 + 19. Let g be p(o). Calculate the greatest common factor of g and 28.
7
Let n be (-3 - -15 - 2)*2. Let y be -3*(n/(-3) - -2). Suppose f - 3 = 11. Calculate the greatest common divisor of y and f.
14
Let b be 1*(-2 + 39) + -1. Let g(a) = a**3 - 9*a**2 + 2*a - 9. Let z be g(9). What is the highest common factor of b and z?
9
Suppose -3*s = -3*d + 2 - 74, 4*s - d = 84. Let a be ((-6)/(-4))/((-6)/(-640)). Calculate the greatest common divisor of s and a.
20
Let z be (18/(-12) - -1)*-82. Calculate the highest common factor of 451 and z.
41
Suppose -4*z + 534 = -890. Suppose -3*a - 4*c + 0*c + z = 0,